 a multiple of 3?
True
Is 25 a factor of 7850?
True
Is 85749 a multiple of 303?
True
Does 7 divide 2079?
True
Is 21 a factor of 126?
True
Does 111 divide 24745?
False
Is 37 a factor of 87258?
False
Does 7 divide 11151?
True
Is 116 a factor of 2552?
True
Is 11 a factor of 2816?
True
Is 756 a multiple of 16?
False
Is 13 a factor of 18852?
False
Is 71653 a multiple of 79?
True
Does 33 divide 157?
False
Does 2 divide 60?
True
Is 25 a factor of 4200?
True
Is 101 a factor of 6161?
True
Is 117 a factor of 15483?
False
Is 33 a factor of 2442?
True
Is 3666 a multiple of 94?
True
Is 1350 a multiple of 9?
True
Is 282 a factor of 52489?
False
Is 350 a multiple of 11?
False
Is 8 a factor of 1714?
False
Does 340 divide 84713?
False
Is 24123 a multiple of 52?
False
Does 6 divide 5581?
False
Does 3 divide 2046?
True
Is 13284 a multiple of 6?
True
Is 145 a factor of 4495?
True
Is 16 a factor of 272?
True
Does 21 divide 7516?
False
Is 7 a factor of 1189?
False
Does 17 divide 816?
True
Does 26 divide 1291?
False
Is 86 a factor of 95890?
True
Does 15 divide 59670?
True
Is 13 a factor of 536?
False
Is 24 a factor of 14448?
True
Is 20 a factor of 8720?
True
Is 75 a factor of 600?
True
Is 22 a factor of 505?
False
Is 18 a factor of 54?
True
Does 65 divide 680?
False
Is 31 a factor of 1410?
False
Is 2689 a multiple of 25?
False
Is 3 a factor of 10182?
True
Is 2569 a multiple of 7?
True
Is 5369 a multiple of 215?
False
Is 62 a factor of 24429?
False
Does 115 divide 2274?
False
Does 36 divide 2448?
True
Does 14 divide 56107?
False
Does 15 divide 1785?
True
Is 5200 a multiple of 130?
True
Is 84 a factor of 15372?
True
Is 354 a multiple of 21?
False
Does 228 divide 30972?
False
Is 543 a multiple of 3?
True
Does 9 divide 90?
True
Does 2 divide 115?
False
Is 59 a factor of 10148?
True
Is 1876 a multiple of 5?
False
Is 18001 a multiple of 15?
False
Is 2211 a multiple of 29?
False
Is 37774 a multiple of 75?
False
Does 114 divide 4099?
False
Is 3729 a multiple of 16?
False
Is 338 a multiple of 13?
True
Does 7 divide 679?
True
Is 8 a factor of 15720?
True
Does 11 divide 37488?
True
Does 53 divide 6360?
True
Is 3411 a multiple of 16?
False
Is 47 a multiple of 18?
False
Is 3671 a multiple of 12?
False
Does 82 divide 5000?
False
Is 19 a factor of 4123?
True
Is 641 a multiple of 35?
False
Does 26 divide 2154?
False
Does 5 divide 444?
False
Is 484 a multiple of 11?
True
Does 3 divide 12?
True
Does 53 divide 11978?
True
Is 15648 a multiple of 6?
True
Does 204 divide 11220?
True
Does 14 divide 140?
True
Is 91 a factor of 13832?
True
Is 10 a factor of 1026?
False
Is 41 a factor of 35547?
True
Is 170 a multiple of 17?
True
Does 44 divide 2980?
False
Does 108 divide 13906?
False
Is 15 a factor of 34494?
False
Does 93 divide 1523?
False
Is 14966 a multiple of 143?
False
Is 10 a factor of 1990?
True
Is 60151 a multiple of 130?
False
Does 13 divide 897?
True
Is 5411 a multiple of 9?
False
Is 8 a factor of 55?
False
Does 10 divide 2371?
False
Is 878 a multiple of 37?
False
Is 205 a multiple of 3?
False
Is 21 a factor of 6783?
True
Does 11 divide 19752?
False
Does 36 divide 1103?
False
Does 13 divide 1274?
True
Does 42 divide 26166?
True
Does 14 divide 322?
True
Does 6 divide 1382?
False
Does 29 divide 870?
True
Is 12 a factor of 25202?
False
Does 36 divide 146527?
False
Is 5 a factor of 1310?
True
Does 9 divide 3060?
True
Is 8 a factor of 711?
False
Is 40 a factor of 1395?
False
Does 63 divide 7497?
True
Does 19 divide 26453?
False
Is 37 a factor of 1067?
False
Does 12 divide 4553?
False
Is 136 a factor of 3951?
False
Is 13608 a multiple of 81?
True
Is 34 a factor of 238?
True
Is 88 a factor of 2552?
True
Is 7230 a multiple of 30?
True
Is 66501 a multiple of 27?
True
Does 4 divide 281?
False
Is 26610 a multiple of 32?
False
Is 501 a multiple of 15?
False
Is 26 a factor of 897?
False
Does 36 divide 1080?
True
Does 25 divide 1000?
True
Is 19760 a multiple of 13?
True
Does 19 divide 869?
False
Is 32 a factor of 320?
True
Is 15796 a multiple of 239?
False
Is 720 a multiple of 45?
True
Is 17114 a multiple of 43?
True
Does 72 divide 16818?
False
Is 5 a factor of 2335?
True
Is 12768 a multiple of 14?
True
Does 203 divide 18473?
True
Is 52 a factor of 1248?
True
Is 6 a factor of 798?
True
Is 17 a factor of 541?
False
Is 1166 a multiple of 14?
False
Is 30788 a multiple of 184?
False
Is 14 a factor of 238?
True
Is 13 a factor of 20656?
False
Is 168 a multiple of 28?
True
Does 13 divide 9771?
False
Is 18 a factor of 88182?
True
Is 195 a multiple of 5?
True
Is 11 a factor of 1298?
True
Is 9532 a multiple of 33?
False
Does 61 divide 7346?
False
Is 37 a factor of 2898?
False
Is 10692 a multiple of 33?
True
Does 244 divide 5612?
True
Is 852 a multiple of 17?
False
Is 413 a multiple of 9?
False
Is 7 a factor of 1379?
True
Is 19 a factor of 37970?
False
Is 5 a factor of 1294?
False
Does 12 divide 23784?
True
Is 2551 even?
False
Is 8 a factor of 1744?
True
Is 40115 a multiple of 113?
True
Does 20 divide 3741?
False
Does 14 divide 602?
True
Is 3368 a multiple of 9?
False
Is 67 a factor of 3685?
True
Is 155 a factor of 60450?
True
Is 9 a factor of 360?
True
Does 9 divide 547?
False
Does 66 divide 3127?
False
Is 1180 a multiple of 20?
True
Does 17 divide 2346?
True
Does 7 divide 3319?
False
Is 6016 a multiple of 4?
True
Is 16 a factor of 416?
True
Does 13 divide 1232?
False
Does 32 divide 1482?
False
Does 28 divide 155?
False
Does 50 divide 24507?
False
Does 33 divide 1320?
True
Is 1209 a multiple of 31?
True
Is 46 a factor of 1196?
True
Is 820 a multiple of 10?
True
Is 2 a factor of 359?
False
Is 3729 a multiple of 113?
True
Is 3 a factor of 239?
False
Is 708 a multiple of 12?
True
Does 31 divide 12236?
False
Does 14 divide 546?
True
Is 44811 a multiple of 383?
True
Is 13 a factor of 1976?
True
Is 48 a factor of 720?
True
Does 15 divide 13950?
True
Is 65949 a multiple of 72?
False
Does 93 divide 1023?
True
Is 1230 a multiple of 41?
True
Does 81 divide 81?
True
Is 18737 a multiple of 22?
False
Does 133 divide 19950?
True
Does 7 divide 2377?
False
Is 15 a factor of 5235?
True
Does 81 divide 613?
False
Is 46 a factor of 1012?
True
Is 81143 a multiple of 19?
False
Does 14 divide 6426?
True
Is 2719 a multiple of 26?
False
Is 216 a multiple of 7?
False
Is 37 a factor of 5513?
True
Is 13488 a multiple of 96?
False
Is 74 a factor of 1003?
False
Is 2646 a multiple of 4?
False
Is 714 a multiple of 26?
False
Is 63 a factor of 7686?
True
Is 4596 a multiple of 35?
False
Is 67 a factor of 88083?
False
Is 2277 a multiple of 69?
True
Is 83 a factor of 5326?
False
Does 53 divide 3445?
True
Does 24 divide 21989?
False
Does 17 divide 884?
True
Is 1359 a multiple of 58?
False
Is 7 a factor of 12124?
True
Is 9 a factor of 1287?
True
Is 4394 a multiple of 26?
True
Is 206 a multiple of 9?
False
Does 18 divide 8127?
False
Is 2 a factor of 89?
False
Does 2 divide 3168?
True
Is 8393 a multiple of 44?
False
Is 434 a multiple of 12?
False
Does 29 divide 79?
False
Does 49 divide 3332?
True
Is 107 a factor of 1807?
False
Is 1302 a multiple of 31?
True
Does 8 divide 440?
True
Is 175 a factor of 13427?
False
Is 6721 a multiple of 13?
True
Does 24 divide 1037?
False
Does 81 divide 122553?
True
Is 67 a factor of 1943?
True
Does 31 divide 642?
False
Is 121 a factor of 18271?
True
Is 67313 a multiple of 21?
False
Does 33 divide 12740?
False
Does 62 divide 2170?
True
Is 36 a factor of 3384?
True
Is 253 a multiple of 5?
False
Does 7 divide 595?
True
Does 25 divide 8625?
True
Is 5 a factor of 470?
True
Does 11 divide 805?
False
Is 24 a multiple of 4?
True
Is 34 a factor of 680?
True
Does 9 divide 5220?
True
Is 89 a factor of 3827?
True
Is 34 a factor of 3944?
True
Is 544 a multiple of 17?
True
Is 22 a factor of 1194?
False
Is 72165 a multiple of 85?
True
Is 7018 a multiple of 30?
False
Is 432 a multiple of 24?
True
Does 56 divide 9528?
False
Is 54 a factor of 560?
False
Is 43560 a multiple of 120?
True
Is 727 a multiple of 38?
False
Does 6 divide 2391?
False
Is 24 a factor of 2752?
False
Does 47 divide 1457?
True
Is 264 a multiple of 14?
False
Does 32 divide 1248?
True
Does 44 divide 237?
False
Does 20 divide 16167?
False
Does 38 divide 532?
True
Is 2937 a multiple of 89?
True
Does 175 divide 37975?
True
Is 567 a multiple of 40?
False
Does 4 d